 is the greatest common factor of u and w?
17
Suppose 28*j - 45627 = 14013. Calculate the highest common divisor of 18 and j.
6
Let k be (((-210)/(-168))/((-15)/(-9)))/(6/40). What is the highest common divisor of k and 557?
1
Let w be (0 - (-4)/(-10))/(2/(-5)). Let d be (-7 + 18)*(10 + w + -1). What is the greatest common factor of 22 and d?
22
Let d = 6057 - 1655. Calculate the greatest common divisor of 186 and d.
62
Let v be (5/(-3))/(56/(-504)). Suppose 0 = -5*m - 20, v*q = 13*q - 5*m + 32. Calculate the greatest common factor of 52 and q.
26
Let z = 816 + 9216. What is the greatest common divisor of 33 and z?
33
Let g = -53 + 171. Calculate the highest common divisor of g and 59.
59
Let c be 1/1 - 8/(-2). Let m = 174 - 172. Suppose m*n + 1 = p + 95, 53 = n - 2*p. Calculate the highest common factor of c and n.
5
Let i(k) = k**2 + 21*k + 38. Let a(q) = -20*q**2 + 2*q - 2. Let s be a(1). Let w be i(s). Calculate the highest common factor of 6 and w.
6
Let d(f) = -2*f + 43. Let x = 7 - 19. Let j be d(x). Suppose -j = 4*r - 515. Calculate the greatest common factor of 14 and r.
14
Suppose 0 = -3*s + 219 - 72. Let h(r) = -4*r - 21. Let y be h(-6). Suppose y*f - 83 + 41 = 0. Calculate the highest common factor of s and f.
7
Let y be (11*4)/1 + -1. Suppose -1694*i = -1801*i + 23005. What is the highest common divisor of y and i?
43
Let f be ((-32)/14)/((-4)/182). Calculate the greatest common factor of 195 and f.
13
Let o(u) = -u**2 - 31*u + 60. Let v be (26/(-39))/(4/156). Let j be o(v). What is the highest common factor of 76 and j?
38
Let p = 81 + -65. Suppose 3*a = -2*w + 238, -5*w - 10 = -5. Calculate the greatest common factor of a and p.
16
Let w = 154 + -240. Let y = w - -102. What is the greatest common divisor of 176 and y?
16
Suppose 5*f - 88 = 17. Suppose 2*v = -3*z - f, 0*z + 4*z = 4*v - 8. Let u be -212*v/(-24)*-2. What is the highest common factor of 53 and u?
53
Suppose -g - 2*x = 2, 2 = -5*x - 3. Suppose 5*u + 5*v - 480 = g, -4*v - 216 = 4*u - 6*u. Let w = -13 + 23. Calculate the greatest common factor of w and u.
10
Let j(q) = 2*q**2 + q + 4. Let a = 78 + -70. Suppose -3 = -7*l + a*l. Let t be j(l). What is the highest common divisor of 209 and t?
19
Let j be (40/10 + -3)/(2/8). Suppose -j*r = -4*n - 740, -665 = -3*r - 5*n - 118. What is the greatest common factor of 8 and r?
8
Suppose 5*w + 4*d - 1725 = 6*d, -5*w + 3*d + 1725 = 0. What is the highest common divisor of 12 and w?
3
Let t(p) = -27*p - 486. Let w be t(-20). Calculate the highest common divisor of 69 and w.
3
Let i = -86 - -77. Let f be 0 + ((-12)/i)/((-8)/(-780)). What is the highest common divisor of f and 104?
26
Suppose 231*l - 200575 = 160*l. Calculate the highest common factor of l and 75.
25
Let n be (-8)/2*(-26)/8. Let c = 14 - n. Let o be (5/25)/((-1)/(-5)). Calculate the highest common factor of c and o.
1
Let x(n) be the first derivative of n**2 + 2*n + n**3 + 10 - 15/4*n**4. Let g be x(-2). What is the highest common factor of g and 13?
13
Let x = 357 - 197. Let j(l) = l**3 - 11*l**2 + 34*l + 10. Let t be j(3). Calculate the highest common factor of t and x.
40
Let r = 74 - 76. Let p be (-4 - -2)/r*0. Suppose a + 12 = 4*a, p = -l + a + 1. Calculate the highest common divisor of l and 15.
5
Suppose 581 = 10*o - 1349. Calculate the greatest common divisor of o and 12931.
193
Suppose -5*f - 5*h + 41 = 21, 4 = f - h. Calculate the highest common factor of 6 and f.
2
Let f = 63 + -6. Let h = -1655 - -1864. What is the highest common factor of h and f?
19
Let w = -19288 - -19325. Suppose 3*g = -2*g + 2775. What is the greatest common divisor of w and g?
37
Suppose -4*b + 2477 = -31*m + 28*m, 2*b - 1231 = 3*m. Calculate the greatest common divisor of b and 89.
89
Suppose 7*k - 2*k - 155 = 0. Let x be (0 + k - 3)/(4 + -2). Calculate the greatest common factor of x and 133.
7
Suppose 40*f - 48 = 28*f. Let l be 4/f + (111 - -4) + 5. Calculate the greatest common factor of 11 and l.
11
Suppose 5*j = 529 + 491. Let v(k) = 16*k + 100. Let u be v(-2). Calculate the greatest common factor of j and u.
68
Let i = -15272 - -15362. What is the greatest common divisor of 2470 and i?
10
Let f = 225 - 202. Suppose -10*h - f = -11*h. Calculate the highest common factor of h and 23.
23
Suppose 3*h - 4*g - 14873 - 8236 = 0, 2*g - 15378 = -2*h. Calculate the greatest common divisor of h and 95.
95
Let h = 48118 - 21259. Calculate the highest common divisor of h and 21.
21
Suppose -6*g - 10 = 2. Let c be -424*(g + -2)/8. Suppose -p + o + 42 = 0, -2*p - 4*o - c = -7*p. Calculate the highest common factor of 110 and p.
22
Let p = -9996 + 10143. Suppose 4*u - 27 - 57 = 0. Calculate the greatest common divisor of u and p.
21
Let w(j) = 1804*j**2 - 204*j + 3. Let x be w(2). What is the greatest common factor of x and 139?
139
Suppose -8*x - 104 = -34*x. Let w be (26/x + -3)/(2/156). What is the highest common factor of 3 and w?
3
Let q be (4/10)/(1/380). Let p(d) = -d**3 - 23*d**2 - 377*d - 9605. Let f be p(-24). What is the greatest common factor of q and f?
19
Suppose -286 = -5*o + 54. Let r be ((-42)/(-30))/((-2)/(-10)). Let f = 24 - r. Calculate the greatest common divisor of o and f.
17
Let q(j) = 16*j + 1333. Let r be q(-8). Calculate the highest common factor of 35 and r.
5
Suppose -3*c + 254 = 2*j - 2979, 2*j = 2*c + 3258. Suppose 5*b = 25*w - 26*w + j, 2*b + 3*w - 647 = 0. Calculate the greatest common divisor of b and 130.
65
Let n be ((-108)/(-21))/(7/49). Let p be 28 - (-32)/8 - (-1 - 3). Calculate the greatest common divisor of n and p.
36
Suppose 897*y - 12735 = 894*y - 5169. Calculate the greatest common factor of y and 208.
26
Let a(x) = 894*x + 1895. Let m be a(3). Calculate the greatest common factor of 995 and m.
199
Let x be (-19)/(57/(-15)) + -1. What is the highest common factor of 80 and x?
4
Let t = 1630 - 576. Suppose 16*u = -21*u + 154 + 1932 + 208. What is the highest common factor of t and u?
62
Let y(s) = -537*s - 1314. Let x be y(-7). What is the greatest common factor of x and 120?
15
Suppose -5*k + 2*y + 45 = 0, -4*k + 2*k + 4*y + 34 = 0. Suppose k*a - 10*a - 3 = 0. Let d = 32 - a. What is the greatest common factor of 55 and d?
11
Suppose 720 = -6*j + 10*j. Suppose 0 = -22*w + 7*w + j. Calculate the greatest common factor of w and 132.
12
Suppose 4*o + 232 = 2*j, 3*o - 46 = -j + 70. Let q be (-332)/(-11) + j/(-638). Calculate the greatest common divisor of 20 and q.
10
Let h be 10/(1/(-3 + 12)). Suppose -3182 = -180*m + 1841 - 523. What is the highest common divisor of h and m?
5
Suppose 226*r = 218*r - 720. Let g = -62 - r. Suppose -3*c - c = -280. Calculate the greatest common factor of g and c.
14
Suppose -6 = 2*o - 18. Let d(l) = -l**2 + 12*l. Let s be d(o). Let c = 360 - 270. Calculate the highest common divisor of c and s.
18
Suppose -5*d - 22*t = -17*t - 75, -2*t = -8. Calculate the greatest common divisor of d and 286.
11
Suppose 2*y = 6, 14*c + 3*y = 11*c - 1314. Let k be 2/(-4) - (1 - c/(-14)). What is the greatest common factor of k and 36?
6
Let k(a) = a + 12. Let w be k(-8). Suppose -3*v + 27 = 5*t, 3 - w = -t - 5*v. Suppose t*o = 8*o - 8. Calculate the highest common factor of o and 12.
4
Let z(b) = 4*b + 53. Let s be z(5). Suppose -s*u = -76*u + 18. Calculate the highest common factor of u and 162.
6
Suppose 1401 = -4*k - f + 196, 0 = -2*k - 2*f - 610. Let c = -240 - k. Calculate the highest common divisor of c and 15.
15
Let s be (-36)/(-5) - (-2)/(-10). Let v be 3*(-1)/(-1)*s. Let m(q) = -q**3 + 13*q**2 + 46*q - 4. Let u be m(-4). What is the highest common factor of v and u?
21
Suppose 150 - 148 = -d. Let k be (-32)/24*21/d. What is the greatest common factor of k and 98?
14
Let p be (5454/(-30))/(114/(-1330)). What is the greatest common divisor of p and 14?
7
Let w be 925 - 23/((-299)/143). Calculate the greatest common divisor of 897 and w.
39
Let s(o) = -773*o - 6170. Let q be s(-24). Calculate the greatest common factor of q and 328.
82
Let t be (-2 - (-74)/(-8))*((-399)/(-21) + -23). Calculate the greatest common divisor of t and 1179.
9
Let c = -173 + 89. Let n = c + 84. Suppose 0 = 3*b - 3*t - 60, 0*t - 4*t - 16 = n. What is the greatest common divisor of 128 and b?
16
Let r = -11 - -56. Let c(l) = -l**3 - 9*l**2 - 2*l -